{"id":569,"date":"2018-10-01T13:10:34","date_gmt":"2018-10-01T13:10:34","guid":{"rendered":"https:\/\/halle-bo-marche.com\/index.php\/contact-us\/"},"modified":"2025-12-30T12:08:05","modified_gmt":"2025-12-30T11:08:05","slug":"contact-us","status":"publish","type":"page","link":"https:\/\/halle-bo-marche.com\/index.php\/contact-us\/","title":{"rendered":"Contactez Nous"},"content":{"rendered":"\t\t<div data-elementor-type=\"wp-post\" data-elementor-id=\"569\" class=\"elementor elementor-569\">\n\t\t\t\t<div class=\"elementor-element elementor-element-c8b3eca e-con-full e-flex e-con e-parent\" data-id=\"c8b3eca\" data-element_type=\"container\" data-e-type=\"container\" data-settings=\"{&quot;background_background&quot;:&quot;classic&quot;,&quot;shape_divider_bottom&quot;:&quot;mountains&quot;}\">\n\t\t\t\t<div class=\"elementor-shape elementor-shape-bottom\" aria-hidden=\"true\" data-negative=\"false\">\n\t\t\t<svg xmlns=\"http:\/\/www.w3.org\/2000\/svg\" viewBox=\"0 0 1000 100\" preserveAspectRatio=\"none\">\n\t<path class=\"elementor-shape-fill\" opacity=\"0.33\" d=\"M473,67.3c-203.9,88.3-263.1-34-320.3,0C66,119.1,0,59.7,0,59.7V0h1000v59.7 c0,0-62.1,26.1-94.9,29.3c-32.8,3.3-62.8-12.3-75.8-22.1C806,49.6,745.3,8.7,694.9,4.7S492.4,59,473,67.3z\"\/>\n\t<path class=\"elementor-shape-fill\" opacity=\"0.66\" d=\"M734,67.3c-45.5,0-77.2-23.2-129.1-39.1c-28.6-8.7-150.3-10.1-254,39.1 s-91.7-34.4-149.2,0C115.7,118.3,0,39.8,0,39.8V0h1000v36.5c0,0-28.2-18.5-92.1-18.5C810.2,18.1,775.7,67.3,734,67.3z\"\/>\n\t<path class=\"elementor-shape-fill\" d=\"M766.1,28.9c-200-57.5-266,65.5-395.1,19.5C242,1.8,242,5.4,184.8,20.6C128,35.8,132.3,44.9,89.9,52.5C28.6,63.7,0,0,0,0 h1000c0,0-9.9,40.9-83.6,48.1S829.6,47,766.1,28.9z\"\/>\n<\/svg>\t\t<\/div>\n\t\t<div class=\"elementor-element elementor-element-1b21189 e-con-full e-flex e-con e-child\" data-id=\"1b21189\" data-element_type=\"container\" data-e-type=\"container\">\n\t\t\t\t<\/div>\n\t\t<div class=\"elementor-element elementor-element-fd8d765 e-con-full e-flex e-con e-child\" data-id=\"fd8d765\" data-element_type=\"container\" data-e-type=\"container\">\n\t\t\t\t<div class=\"elementor-element elementor-element-9cda96f elementor-widget elementor-widget-image\" data-id=\"9cda96f\" data-element_type=\"widget\" data-e-type=\"widget\" data-widget_type=\"image.default\">\n\t\t\t\t<div class=\"elementor-widget-container\">\n\t\t\t\t\t\t\t\t\t\t\t\t\t\t\t<img decoding=\"async\" width=\"200\" height=\"35\" src=\"https:\/\/halle-bo-marche.com\/wp-content\/uploads\/2023\/12\/divider-free-img-1.png\" class=\"attachment-full size-full wp-image-1069\" alt=\"\" \/>\t\t\t\t\t\t\t\t\t\t\t\t\t\t\t<\/div>\n\t\t\t\t<\/div>\n\t\t\t\t<div class=\"elementor-element elementor-element-b5e5219 elementor-widget__width-initial elementor-invisible elementor-widget elementor-widget-heading\" data-id=\"b5e5219\" data-element_type=\"widget\" data-e-type=\"widget\" data-settings=\"{&quot;_animation&quot;:&quot;fadeInUp&quot;,&quot;_animation_delay&quot;:200}\" data-widget_type=\"heading.default\">\n\t\t\t\t<div class=\"elementor-widget-container\">\n\t\t\t\t\t<h1 class=\"elementor-heading-title elementor-size-default\">Contactez Nous<\/h1>\t\t\t\t<\/div>\n\t\t\t\t<\/div>\n\t\t\t\t<\/div>\n\t\t<div class=\"elementor-element elementor-element-4055860 e-con-full e-flex e-con e-child\" data-id=\"4055860\" data-element_type=\"container\" data-e-type=\"container\">\n\t\t\t\t<\/div>\n\t\t\t\t<\/div>\n\t\t<div class=\"elementor-element elementor-element-115c372 e-con-full e-flex e-con e-parent\" data-id=\"115c372\" data-element_type=\"container\" data-e-type=\"container\">\n\t\t<div class=\"elementor-element elementor-element-47647ee e-con-full e-flex e-con e-child\" data-id=\"47647ee\" data-element_type=\"container\" data-e-type=\"container\">\n\t\t\t\t<div class=\"elementor-element elementor-element-0a2a91e elementor-widget elementor-widget-heading\" data-id=\"0a2a91e\" data-element_type=\"widget\" data-e-type=\"widget\" data-widget_type=\"heading.default\">\n\t\t\t\t<div class=\"elementor-widget-container\">\n\t\t\t\t\t<h2 class=\"elementor-heading-title elementor-size-default\">\ud83d\udce8 Contact g\u00e9n\u00e9ral des Halles B\u00f4-March\u00e9<\/h2>\t\t\t\t<\/div>\n\t\t\t\t<\/div>\n\t\t\t\t<div class=\"elementor-element elementor-element-b727269 elementor-widget elementor-widget-text-editor\" data-id=\"b727269\" data-element_type=\"widget\" data-e-type=\"widget\" data-widget_type=\"text-editor.default\">\n\t\t\t\t<div class=\"elementor-widget-container\">\n\t\t\t\t\t\t\t\t\t<p><span style=\"font-weight: 400;\"><br \/><\/span><span style=\"font-weight: 400;\"> Pour toute question ou information concernant les Halles B\u00f4-March\u00e9, n\u2019h\u00e9sitez pas \u00e0 nous joindre.<\/span><\/p>\t\t\t\t\t\t\t\t<\/div>\n\t\t\t\t<\/div>\n\t\t\t\t<div class=\"elementor-element elementor-element-910bd5f elementor-widget elementor-widget-text-editor\" data-id=\"910bd5f\" data-element_type=\"widget\" data-e-type=\"widget\" data-widget_type=\"text-editor.default\">\n\t\t\t\t<div class=\"elementor-widget-container\">\n\t\t\t\t\t\t\t\t\t<p><b>\ud83d\udccc Coordonn\u00e9es :<\/b><\/p><p><strong><a href=\"mailto:contact@halle-bo-marche.com\">contact@halle-bo-marche.com<\/a><\/strong><\/p><p><strong>\u00a0<a href=\"tel: 05 59 30 66 59\">05 59 30 66 59<\/a><\/strong><\/p><p><strong>\u00a015 avenue Didier Daurat, 64140 Lons<\/strong><\/p><p><span style=\"font-weight: 400;\">Avez-vous oubli\u00e9 ou perdu un sac lors de votre visite ? <\/span><span style=\"font-weight: 400;\">Contactez-nous, nous vous aiderons !<\/span><\/p>\t\t\t\t\t\t\t\t<\/div>\n\t\t\t\t<\/div>\n\t\t\t\t<\/div>\n\t\t\t\t<\/div>\n\t\t<div class=\"elementor-element elementor-element-35d3d7b e-con-full e-flex e-con e-parent\" data-id=\"35d3d7b\" data-element_type=\"container\" data-e-type=\"container\">\n\t\t<div class=\"elementor-element elementor-element-921b498 e-con-full e-flex e-con e-child\" data-id=\"921b498\" data-element_type=\"container\" data-e-type=\"container\">\n\t\t\t\t<div class=\"elementor-element elementor-element-a8e5f92 elementor-widget elementor-widget-heading\" data-id=\"a8e5f92\" data-element_type=\"widget\" data-e-type=\"widget\" data-widget_type=\"heading.default\">\n\t\t\t\t<div class=\"elementor-widget-container\">\n\t\t\t\t\t<h2 class=\"elementor-heading-title elementor-size-default\">Pour r\u00e9server votre table <\/h2>\t\t\t\t<\/div>\n\t\t\t\t<\/div>\n\t\t\t\t<div class=\"elementor-element elementor-element-2795495 elementor-widget elementor-widget-text-editor\" data-id=\"2795495\" data-element_type=\"widget\" data-e-type=\"widget\" data-widget_type=\"text-editor.default\">\n\t\t\t\t<div class=\"elementor-widget-container\">\n\t\t\t\t\t\t\t\t\t<p>Pour r\u00e9server,<\/p><p>envoyez-nous simplement <strong>votre nom, la date, l\u2019heure, le nombre de personnes et votre t\u00e9l\u00e9phone<\/strong>.<\/p><p>Votre r\u00e9servation sera valid\u00e9e d\u00e8s r\u00e9ception de notre confirmation. \u00c0 tr\u00e8s bient\u00f4t !<\/p>\t\t\t\t\t\t\t\t<\/div>\n\t\t\t\t<\/div>\n\t\t\t\t<div class=\"elementor-element elementor-element-b9a5378 elementor-widget elementor-widget-text-editor\" data-id=\"b9a5378\" data-element_type=\"widget\" data-e-type=\"widget\" data-widget_type=\"text-editor.default\">\n\t\t\t\t<div class=\"elementor-widget-container\">\n\t\t\t\t\t\t\t\t\t<p><b><img decoding=\"async\" class=\"emoji\" role=\"img\" draggable=\"false\" src=\"https:\/\/s.w.org\/images\/core\/emoji\/16.0.1\/svg\/1f4cc.svg\" alt=\"\ud83d\udccc\" \/> Coordonn\u00e9es :<\/b><\/p><p><span style=\"font-weight: 400;\">\u00a0<strong><a href=\"mailto:contact.hallesbomarche@gmail.com\">contact.hallesbomarche@gmail.com<\/a><\/strong><\/span><\/p><p><strong><a style=\"font-style: inherit;\" href=\"tel: 05 59 30 66 59\">05 59 30 66 59<\/a><\/strong><\/p>\t\t\t\t\t\t\t\t<\/div>\n\t\t\t\t<\/div>\n\t\t<div class=\"elementor-element elementor-element-1270fcb e-con-full e-flex e-con e-child\" data-id=\"1270fcb\" data-element_type=\"container\" data-e-type=\"container\">\n\t\t\t\t<\/div>\n\t\t\t\t<\/div>\n\t\t\t\t<\/div>\n\t\t<div class=\"elementor-element elementor-element-cd6e41d e-flex e-con-boxed e-con e-parent\" data-id=\"cd6e41d\" data-element_type=\"container\" data-e-type=\"container\">\n\t\t\t\t\t<div class=\"e-con-inner\">\n\t\t\t\t<div class=\"elementor-element elementor-element-f4be6e5 elementor-widget elementor-widget-google_maps\" data-id=\"f4be6e5\" data-element_type=\"widget\" data-e-type=\"widget\" data-widget_type=\"google_maps.default\">\n\t\t\t\t<div class=\"elementor-widget-container\">\n\t\t\t\t\t\t\t<div class=\"elementor-custom-embed\">\n\t\t\t<iframe loading=\"lazy\"\n\t\t\t\t\tsrc=\"https:\/\/maps.google.com\/maps?q=15%20Avenue%20Didier%20Daurat%2C%20Lons&#038;t=m&#038;z=16&#038;output=embed&#038;iwloc=near\"\n\t\t\t\t\ttitle=\"15 Avenue Didier Daurat, Lons\"\n\t\t\t\t\taria-label=\"15 Avenue Didier Daurat, Lons\"\n\t\t\t><\/iframe>\n\t\t<\/div>\n\t\t\t\t\t\t<\/div>\n\t\t\t\t<\/div>\n\t\t\t\t\t<\/div>\n\t\t\t\t<\/div>\n\t\t<div class=\"elementor-element elementor-element-393bd9b e-flex e-con-boxed e-con e-parent\" data-id=\"393bd9b\" data-element_type=\"container\" data-e-type=\"container\">\n\t\t\t\t\t<div class=\"e-con-inner\">\n\t\t\t\t\t<\/div>\n\t\t\t\t<\/div>\n\t\t<div class=\"elementor-element elementor-element-ece9749 e-flex e-con-boxed e-con e-parent\" data-id=\"ece9749\" data-element_type=\"container\" data-e-type=\"container\">\n\t\t\t\t\t<div class=\"e-con-inner\">\n\t\t\t\t\t<\/div>\n\t\t\t\t<\/div>\n\t\t<div class=\"elementor-element elementor-element-ebd6279 e-flex e-con-boxed e-con e-parent\" data-id=\"ebd6279\" data-element_type=\"container\" data-e-type=\"container\">\n\t\t\t\t\t<div class=\"e-con-inner\">\n\t\t\t\t\t<\/div>\n\t\t\t\t<\/div>\n\t\t\t\t<\/div>\n\t\t","protected":false},"excerpt":{"rendered":"<p>Contactez Nous \ud83d\udce8 Contact g\u00e9n\u00e9ral des Halles B\u00f4-March\u00e9 Pour toute question ou information concernant les Halles B\u00f4-March\u00e9, n\u2019h\u00e9sitez pas \u00e0 nous joindre. \ud83d\udccc Coordonn\u00e9es : contact@halle-bo-marche.com \u00a005 59 30 66 59 \u00a015 avenue Didier Daurat, 64140 Lons Avez-vous oubli\u00e9 ou perdu un sac lors de votre visite ? Contactez-nous, nous vous aiderons ! Pour r\u00e9server [&hellip;]<\/p>\n","protected":false},"author":1,"featured_media":0,"parent":0,"menu_order":3,"comment_status":"closed","ping_status":"closed","template":"","meta":{"_uag_custom_page_level_css":"","site-sidebar-layout":"no-sidebar","site-content-layout":"page-builder","ast-site-content-layout":"full-width-container","site-content-style":"unboxed","site-sidebar-style":"unboxed","ast-global-header-display":"","ast-banner-title-visibility":"","ast-main-header-display":"","ast-hfb-above-header-display":"","ast-hfb-below-header-display":"","ast-hfb-mobile-header-display":"","site-post-title":"disabled","ast-breadcrumbs-content":"","ast-featured-img":"disabled","footer-sml-layout":"","ast-disable-related-posts":"","theme-transparent-header-meta":"","adv-header-id-meta":"","stick-header-meta":"","header-above-stick-meta":"","header-main-stick-meta":"","header-below-stick-meta":"","astra-migrate-meta-layouts":"set","ast-page-background-enabled":"default","ast-page-background-meta":{"desktop":{"background-color":"","background-image":"","background-repeat":"repeat","background-position":"center center","background-size":"auto","background-attachment":"scroll","background-type":"","background-media":"","overlay-type":"","overlay-color":"","overlay-opacity":"","overlay-gradient":""},"tablet":{"background-color":"","background-image":"","background-repeat":"repeat","background-position":"center center","background-size":"auto","background-attachment":"scroll","background-type":"","background-media":"","overlay-type":"","overlay-color":"","overlay-opacity":"","overlay-gradient":""},"mobile":{"background-color":"","background-image":"","background-repeat":"repeat","background-position":"center center","background-size":"auto","background-attachment":"scroll","background-type":"","background-media":"","overlay-type":"","overlay-color":"","overlay-opacity":"","overlay-gradient":""}},"ast-content-background-meta":{"desktop":{"background-color":"var(--ast-global-color-5)","background-image":"","background-repeat":"repeat","background-position":"center center","background-size":"auto","background-attachment":"scroll","background-type":"","background-media":"","overlay-type":"","overlay-color":"","overlay-opacity":"","overlay-gradient":""},"tablet":{"background-color":"var(--ast-global-color-5)","background-image":"","background-repeat":"repeat","background-position":"center center","background-size":"auto","background-attachment":"scroll","background-type":"","background-media":"","overlay-type":"","overlay-color":"","overlay-opacity":"","overlay-gradient":""},"mobile":{"background-color":"var(--ast-global-color-5)","background-image":"","background-repeat":"repeat","background-position":"center center","background-size":"auto","background-attachment":"scroll","background-type":"","background-media":"","overlay-type":"","overlay-color":"","overlay-opacity":"","overlay-gradient":""}},"footnotes":""},"class_list":["post-569","page","type-page","status-publish","hentry"],"yoast_head":"<!-- This site is optimized with the Yoast SEO plugin v27.3 - https:\/\/yoast.com\/product\/yoast-seo-wordpress\/ -->\n<title>Contactez Nous - Les Halles B\u00f4-March\u00e9<\/title>\n<meta name=\"robots\" content=\"index, follow, max-snippet:-1, max-image-preview:large, max-video-preview:-1\" \/>\n<link rel=\"canonical\" href=\"https:\/\/halle-bo-marche.com\/index.php\/contact-us\/\" \/>\n<meta property=\"og:locale\" content=\"fr_FR\" \/>\n<meta property=\"og:type\" content=\"article\" \/>\n<meta property=\"og:title\" content=\"Contactez Nous - Les Halles B\u00f4-March\u00e9\" \/>\n<meta property=\"og:description\" content=\"Contactez Nous \ud83d\udce8 Contact g\u00e9n\u00e9ral des Halles B\u00f4-March\u00e9 Pour toute question ou information concernant les Halles B\u00f4-March\u00e9, n\u2019h\u00e9sitez pas \u00e0 nous joindre. \ud83d\udccc Coordonn\u00e9es : contact@halle-bo-marche.com \u00a005 59 30 66 59 \u00a015 avenue Didier Daurat, 64140 Lons Avez-vous oubli\u00e9 ou perdu un sac lors de votre visite ? Contactez-nous, nous vous aiderons ! Pour r\u00e9server [&hellip;]\" \/>\n<meta property=\"og:url\" content=\"https:\/\/halle-bo-marche.com\/index.php\/contact-us\/\" \/>\n<meta property=\"og:site_name\" content=\"Les Halles B\u00f4-March\u00e9\" \/>\n<meta property=\"article:modified_time\" content=\"2025-12-30T11:08:05+00:00\" \/>\n<meta property=\"og:image\" content=\"https:\/\/halle-bo-marche.com\/wp-content\/uploads\/2023\/12\/divider-free-img-1.png\" \/>\n\t<meta property=\"og:image:width\" content=\"200\" \/>\n\t<meta property=\"og:image:height\" content=\"35\" \/>\n\t<meta property=\"og:image:type\" content=\"image\/png\" \/>\n<meta name=\"twitter:card\" content=\"summary_large_image\" \/>\n<meta name=\"twitter:label1\" content=\"Dur\u00e9e de lecture estim\u00e9e\" \/>\n\t<meta name=\"twitter:data1\" content=\"2 minutes\" \/>\n<script type=\"application\/ld+json\" class=\"yoast-schema-graph\">{\"@context\":\"https:\\\/\\\/schema.org\",\"@graph\":[{\"@type\":\"WebPage\",\"@id\":\"https:\\\/\\\/halle-bo-marche.com\\\/index.php\\\/contact-us\\\/\",\"url\":\"https:\\\/\\\/halle-bo-marche.com\\\/index.php\\\/contact-us\\\/\",\"name\":\"Contactez Nous - Les Halles B\u00f4-March\u00e9\",\"isPartOf\":{\"@id\":\"https:\\\/\\\/halle-bo-marche.com\\\/#website\"},\"primaryImageOfPage\":{\"@id\":\"https:\\\/\\\/halle-bo-marche.com\\\/index.php\\\/contact-us\\\/#primaryimage\"},\"image\":{\"@id\":\"https:\\\/\\\/halle-bo-marche.com\\\/index.php\\\/contact-us\\\/#primaryimage\"},\"thumbnailUrl\":\"https:\\\/\\\/halle-bo-marche.com\\\/wp-content\\\/uploads\\\/2023\\\/12\\\/divider-free-img-1.png\",\"datePublished\":\"2018-10-01T13:10:34+00:00\",\"dateModified\":\"2025-12-30T11:08:05+00:00\",\"breadcrumb\":{\"@id\":\"https:\\\/\\\/halle-bo-marche.com\\\/index.php\\\/contact-us\\\/#breadcrumb\"},\"inLanguage\":\"fr-FR\",\"potentialAction\":[{\"@type\":\"ReadAction\",\"target\":[\"https:\\\/\\\/halle-bo-marche.com\\\/index.php\\\/contact-us\\\/\"]}]},{\"@type\":\"ImageObject\",\"inLanguage\":\"fr-FR\",\"@id\":\"https:\\\/\\\/halle-bo-marche.com\\\/index.php\\\/contact-us\\\/#primaryimage\",\"url\":\"https:\\\/\\\/halle-bo-marche.com\\\/wp-content\\\/uploads\\\/2023\\\/12\\\/divider-free-img-1.png\",\"contentUrl\":\"https:\\\/\\\/halle-bo-marche.com\\\/wp-content\\\/uploads\\\/2023\\\/12\\\/divider-free-img-1.png\",\"width\":200,\"height\":35},{\"@type\":\"BreadcrumbList\",\"@id\":\"https:\\\/\\\/halle-bo-marche.com\\\/index.php\\\/contact-us\\\/#breadcrumb\",\"itemListElement\":[{\"@type\":\"ListItem\",\"position\":1,\"name\":\"Accueil\",\"item\":\"https:\\\/\\\/halle-bo-marche.com\\\/\"},{\"@type\":\"ListItem\",\"position\":2,\"name\":\"Contactez Nous\"}]},{\"@type\":\"WebSite\",\"@id\":\"https:\\\/\\\/halle-bo-marche.com\\\/#website\",\"url\":\"https:\\\/\\\/halle-bo-marche.com\\\/\",\"name\":\"Les Halles B\u00f4-March\u00e9\",\"description\":\"Un espace convivial\",\"publisher\":{\"@id\":\"https:\\\/\\\/halle-bo-marche.com\\\/#organization\"},\"potentialAction\":[{\"@type\":\"SearchAction\",\"target\":{\"@type\":\"EntryPoint\",\"urlTemplate\":\"https:\\\/\\\/halle-bo-marche.com\\\/?s={search_term_string}\"},\"query-input\":{\"@type\":\"PropertyValueSpecification\",\"valueRequired\":true,\"valueName\":\"search_term_string\"}}],\"inLanguage\":\"fr-FR\"},{\"@type\":\"Organization\",\"@id\":\"https:\\\/\\\/halle-bo-marche.com\\\/#organization\",\"name\":\"Les Halles B\u00f4-March\u00e9\",\"url\":\"https:\\\/\\\/halle-bo-marche.com\\\/\",\"logo\":{\"@type\":\"ImageObject\",\"inLanguage\":\"fr-FR\",\"@id\":\"https:\\\/\\\/halle-bo-marche.com\\\/#\\\/schema\\\/logo\\\/image\\\/\",\"url\":\"https:\\\/\\\/halle-bo-marche.com\\\/wp-content\\\/uploads\\\/2025\\\/10\\\/cropped-cropped-Restaurant__5_-removebg-preview.png\",\"contentUrl\":\"https:\\\/\\\/halle-bo-marche.com\\\/wp-content\\\/uploads\\\/2025\\\/10\\\/cropped-cropped-Restaurant__5_-removebg-preview.png\",\"width\":318,\"height\":316,\"caption\":\"Les Halles B\u00f4-March\u00e9\"},\"image\":{\"@id\":\"https:\\\/\\\/halle-bo-marche.com\\\/#\\\/schema\\\/logo\\\/image\\\/\"}}]}<\/script>\n<!-- \/ Yoast SEO plugin. -->","yoast_head_json":{"title":"Contactez Nous - Les Halles B\u00f4-March\u00e9","robots":{"index":"index","follow":"follow","max-snippet":"max-snippet:-1","max-image-preview":"max-image-preview:large","max-video-preview":"max-video-preview:-1"},"canonical":"https:\/\/halle-bo-marche.com\/index.php\/contact-us\/","og_locale":"fr_FR","og_type":"article","og_title":"Contactez Nous - Les Halles B\u00f4-March\u00e9","og_description":"Contactez Nous \ud83d\udce8 Contact g\u00e9n\u00e9ral des Halles B\u00f4-March\u00e9 Pour toute question ou information concernant les Halles B\u00f4-March\u00e9, n\u2019h\u00e9sitez pas \u00e0 nous joindre. \ud83d\udccc Coordonn\u00e9es : contact@halle-bo-marche.com \u00a005 59 30 66 59 \u00a015 avenue Didier Daurat, 64140 Lons Avez-vous oubli\u00e9 ou perdu un sac lors de votre visite ? Contactez-nous, nous vous aiderons ! Pour r\u00e9server [&hellip;]","og_url":"https:\/\/halle-bo-marche.com\/index.php\/contact-us\/","og_site_name":"Les Halles B\u00f4-March\u00e9","article_modified_time":"2025-12-30T11:08:05+00:00","og_image":[{"width":200,"height":35,"url":"https:\/\/halle-bo-marche.com\/wp-content\/uploads\/2023\/12\/divider-free-img-1.png","type":"image\/png"}],"twitter_card":"summary_large_image","twitter_misc":{"Dur\u00e9e de lecture estim\u00e9e":"2 minutes"},"schema":{"@context":"https:\/\/schema.org","@graph":[{"@type":"WebPage","@id":"https:\/\/halle-bo-marche.com\/index.php\/contact-us\/","url":"https:\/\/halle-bo-marche.com\/index.php\/contact-us\/","name":"Contactez Nous - Les Halles B\u00f4-March\u00e9","isPartOf":{"@id":"https:\/\/halle-bo-marche.com\/#website"},"primaryImageOfPage":{"@id":"https:\/\/halle-bo-marche.com\/index.php\/contact-us\/#primaryimage"},"image":{"@id":"https:\/\/halle-bo-marche.com\/index.php\/contact-us\/#primaryimage"},"thumbnailUrl":"https:\/\/halle-bo-marche.com\/wp-content\/uploads\/2023\/12\/divider-free-img-1.png","datePublished":"2018-10-01T13:10:34+00:00","dateModified":"2025-12-30T11:08:05+00:00","breadcrumb":{"@id":"https:\/\/halle-bo-marche.com\/index.php\/contact-us\/#breadcrumb"},"inLanguage":"fr-FR","potentialAction":[{"@type":"ReadAction","target":["https:\/\/halle-bo-marche.com\/index.php\/contact-us\/"]}]},{"@type":"ImageObject","inLanguage":"fr-FR","@id":"https:\/\/halle-bo-marche.com\/index.php\/contact-us\/#primaryimage","url":"https:\/\/halle-bo-marche.com\/wp-content\/uploads\/2023\/12\/divider-free-img-1.png","contentUrl":"https:\/\/halle-bo-marche.com\/wp-content\/uploads\/2023\/12\/divider-free-img-1.png","width":200,"height":35},{"@type":"BreadcrumbList","@id":"https:\/\/halle-bo-marche.com\/index.php\/contact-us\/#breadcrumb","itemListElement":[{"@type":"ListItem","position":1,"name":"Accueil","item":"https:\/\/halle-bo-marche.com\/"},{"@type":"ListItem","position":2,"name":"Contactez Nous"}]},{"@type":"WebSite","@id":"https:\/\/halle-bo-marche.com\/#website","url":"https:\/\/halle-bo-marche.com\/","name":"Les Halles B\u00f4-March\u00e9","description":"Un espace convivial","publisher":{"@id":"https:\/\/halle-bo-marche.com\/#organization"},"potentialAction":[{"@type":"SearchAction","target":{"@type":"EntryPoint","urlTemplate":"https:\/\/halle-bo-marche.com\/?s={search_term_string}"},"query-input":{"@type":"PropertyValueSpecification","valueRequired":true,"valueName":"search_term_string"}}],"inLanguage":"fr-FR"},{"@type":"Organization","@id":"https:\/\/halle-bo-marche.com\/#organization","name":"Les Halles B\u00f4-March\u00e9","url":"https:\/\/halle-bo-marche.com\/","logo":{"@type":"ImageObject","inLanguage":"fr-FR","@id":"https:\/\/halle-bo-marche.com\/#\/schema\/logo\/image\/","url":"https:\/\/halle-bo-marche.com\/wp-content\/uploads\/2025\/10\/cropped-cropped-Restaurant__5_-removebg-preview.png","contentUrl":"https:\/\/halle-bo-marche.com\/wp-content\/uploads\/2025\/10\/cropped-cropped-Restaurant__5_-removebg-preview.png","width":318,"height":316,"caption":"Les Halles B\u00f4-March\u00e9"},"image":{"@id":"https:\/\/halle-bo-marche.com\/#\/schema\/logo\/image\/"}}]}},"uagb_featured_image_src":{"full":false,"thumbnail":false,"medium":false,"medium_large":false,"large":false,"1536x1536":false,"2048x2048":false},"uagb_author_info":{"display_name":"wangalexjia","author_link":"https:\/\/halle-bo-marche.com\/index.php\/author\/wangalexjia\/"},"uagb_comment_info":0,"uagb_excerpt":"Contactez Nous \ud83d\udce8 Contact g\u00e9n\u00e9ral des Halles B\u00f4-March\u00e9 Pour toute question ou information concernant les Halles B\u00f4-March\u00e9, n\u2019h\u00e9sitez pas \u00e0 nous joindre. \ud83d\udccc Coordonn\u00e9es : contact@halle-bo-marche.com \u00a005 59 30 66 59 \u00a015 avenue Didier Daurat, 64140 Lons Avez-vous oubli\u00e9 ou perdu un sac lors de votre visite ? Contactez-nous, nous vous aiderons ! Pour r\u00e9server\u2026","_links":{"self":[{"href":"https:\/\/halle-bo-marche.com\/index.php\/wp-json\/wp\/v2\/pages\/569","targetHints":{"allow":["GET"]}}],"collection":[{"href":"https:\/\/halle-bo-marche.com\/index.php\/wp-json\/wp\/v2\/pages"}],"about":[{"href":"https:\/\/halle-bo-marche.com\/index.php\/wp-json\/wp\/v2\/types\/page"}],"author":[{"embeddable":true,"href":"https:\/\/halle-bo-marche.com\/index.php\/wp-json\/wp\/v2\/users\/1"}],"replies":[{"embeddable":true,"href":"https:\/\/halle-bo-marche.com\/index.php\/wp-json\/wp\/v2\/comments?post=569"}],"version-history":[{"count":68,"href":"https:\/\/halle-bo-marche.com\/index.php\/wp-json\/wp\/v2\/pages\/569\/revisions"}],"predecessor-version":[{"id":2207,"href":"https:\/\/halle-bo-marche.com\/index.php\/wp-json\/wp\/v2\/pages\/569\/revisions\/2207"}],"wp:attachment":[{"href":"https:\/\/halle-bo-marche.com\/index.php\/wp-json\/wp\/v2\/media?parent=569"}],"curies":[{"name":"wp","href":"https:\/\/api.w.org\/{rel}","templated":true}]}}