{"id":1857,"date":"2025-03-27T20:18:59","date_gmt":"2025-03-27T19:18:59","guid":{"rendered":"https:\/\/halle-bo-marche.com\/?page_id=1857"},"modified":"2025-09-20T16:32:23","modified_gmt":"2025-09-20T14:32:23","slug":"carte-boisson","status":"publish","type":"page","link":"https:\/\/halle-bo-marche.com\/index.php\/carte-boisson\/","title":{"rendered":"Carte boisson"},"content":{"rendered":"\t\t<div data-elementor-type=\"wp-page\" data-elementor-id=\"1857\" class=\"elementor elementor-1857\">\n\t\t\t\t<div class=\"elementor-element elementor-element-772a594 e-con-full e-flex e-con e-parent\" data-id=\"772a594\" data-element_type=\"container\" data-e-type=\"container\" data-settings=\"{&quot;background_background&quot;:&quot;classic&quot;,&quot;shape_divider_top&quot;:&quot;mountains&quot;}\">\n\t\t\t\t<div class=\"elementor-shape elementor-shape-top\" aria-hidden=\"true\" data-negative=\"false\">\n\t\t\t<svg xmlns=\"http:\/\/www.w3.org\/2000\/svg\" viewBox=\"0 0 1000 100\" preserveAspectRatio=\"none\">\n\t<path class=\"elementor-shape-fill\" opacity=\"0.33\" d=\"M473,67.3c-203.9,88.3-263.1-34-320.3,0C66,119.1,0,59.7,0,59.7V0h1000v59.7 c0,0-62.1,26.1-94.9,29.3c-32.8,3.3-62.8-12.3-75.8-22.1C806,49.6,745.3,8.7,694.9,4.7S492.4,59,473,67.3z\"\/>\n\t<path class=\"elementor-shape-fill\" opacity=\"0.66\" d=\"M734,67.3c-45.5,0-77.2-23.2-129.1-39.1c-28.6-8.7-150.3-10.1-254,39.1 s-91.7-34.4-149.2,0C115.7,118.3,0,39.8,0,39.8V0h1000v36.5c0,0-28.2-18.5-92.1-18.5C810.2,18.1,775.7,67.3,734,67.3z\"\/>\n\t<path class=\"elementor-shape-fill\" d=\"M766.1,28.9c-200-57.5-266,65.5-395.1,19.5C242,1.8,242,5.4,184.8,20.6C128,35.8,132.3,44.9,89.9,52.5C28.6,63.7,0,0,0,0 h1000c0,0-9.9,40.9-83.6,48.1S829.6,47,766.1,28.9z\"\/>\n<\/svg>\t\t<\/div>\n\t\t\t\t<div class=\"elementor-element elementor-element-f0cca18 elementor-widget elementor-widget-heading\" data-id=\"f0cca18\" data-element_type=\"widget\" data-e-type=\"widget\" data-widget_type=\"heading.default\">\n\t\t\t\t<div class=\"elementor-widget-container\">\n\t\t\t\t\t<h2 class=\"elementor-heading-title elementor-size-default\">Nos Ev\u00e8nements<\/h2>\t\t\t\t<\/div>\n\t\t\t\t<\/div>\n\t\t\t\t<\/div>\n\t\t<div class=\"elementor-element elementor-element-5a564d2 e-flex e-con-boxed e-con e-parent\" data-id=\"5a564d2\" data-element_type=\"container\" data-e-type=\"container\" data-settings=\"{&quot;background_background&quot;:&quot;classic&quot;}\">\n\t\t\t\t\t<div class=\"e-con-inner\">\n\t\t\t\t<div class=\"elementor-element elementor-element-6a3e2d1 elementor-pagination-position-outside elementor-widget elementor-widget-image-carousel\" data-id=\"6a3e2d1\" data-element_type=\"widget\" data-e-type=\"widget\" data-settings=\"{&quot;navigation&quot;:&quot;dots&quot;,&quot;image_spacing_custom&quot;:{&quot;unit&quot;:&quot;px&quot;,&quot;size&quot;:28,&quot;sizes&quot;:[]},&quot;lazyload&quot;:&quot;yes&quot;,&quot;autoplay&quot;:&quot;yes&quot;,&quot;pause_on_hover&quot;:&quot;yes&quot;,&quot;pause_on_interaction&quot;:&quot;yes&quot;,&quot;autoplay_speed&quot;:5000,&quot;infinite&quot;:&quot;yes&quot;,&quot;speed&quot;:500,&quot;image_spacing_custom_tablet&quot;:{&quot;unit&quot;:&quot;px&quot;,&quot;size&quot;:&quot;&quot;,&quot;sizes&quot;:[]},&quot;image_spacing_custom_mobile&quot;:{&quot;unit&quot;:&quot;px&quot;,&quot;size&quot;:&quot;&quot;,&quot;sizes&quot;:[]}}\" data-widget_type=\"image-carousel.default\">\n\t\t\t\t<div class=\"elementor-widget-container\">\n\t\t\t\t\t\t\t<div class=\"elementor-image-carousel-wrapper swiper\" role=\"region\" aria-roledescription=\"carousel\" aria-label=\"Carrousel d\u2019images\" dir=\"ltr\">\n\t\t\t<div class=\"elementor-image-carousel swiper-wrapper\" aria-live=\"off\">\n\t\t\t\t\t\t\t\t<div class=\"swiper-slide\" role=\"group\" aria-roledescription=\"slide\" aria-label=\"1 sur 3\"><figure class=\"swiper-slide-inner\"><img class=\"swiper-slide-image swiper-lazy\" data-src=\"https:\/\/halle-bo-marche.com\/wp-content\/uploads\/2025\/09\/Prochaine-33.png\" alt=\"Prochaine (33)\" \/><div class=\"swiper-lazy-preloader\"><\/div><\/figure><\/div><div class=\"swiper-slide\" role=\"group\" aria-roledescription=\"slide\" aria-label=\"2 sur 3\"><figure class=\"swiper-slide-inner\"><img class=\"swiper-slide-image swiper-lazy\" data-src=\"https:\/\/halle-bo-marche.com\/wp-content\/uploads\/2025\/09\/Prochaine-35.png\" alt=\"Prochaine (35)\" \/><div class=\"swiper-lazy-preloader\"><\/div><\/figure><\/div><div class=\"swiper-slide\" role=\"group\" aria-roledescription=\"slide\" aria-label=\"3 sur 3\"><figure class=\"swiper-slide-inner\"><img class=\"swiper-slide-image swiper-lazy\" data-src=\"https:\/\/halle-bo-marche.com\/wp-content\/uploads\/2025\/09\/Prochaine-34.png\" alt=\"Prochaine (34)\" \/><div class=\"swiper-lazy-preloader\"><\/div><\/figure><\/div>\t\t\t<\/div>\n\t\t\t\t\t\t\t\n\t\t\t\t\t\t\t\t\t<div class=\"swiper-pagination\"><\/div>\n\t\t\t\t\t\t\t\t\t<\/div>\n\t\t\t\t\t\t<\/div>\n\t\t\t\t<\/div>\n\t\t\t\t\t<\/div>\n\t\t\t\t<\/div>\n\t\t<div class=\"elementor-element elementor-element-0608226 e-con-full e-flex e-con e-parent\" data-id=\"0608226\" data-element_type=\"container\" data-e-type=\"container\" data-settings=\"{&quot;background_background&quot;:&quot;classic&quot;}\">\n\t\t\t\t<div class=\"elementor-element elementor-element-91b97ce elementor-widget elementor-widget-heading\" data-id=\"91b97ce\" data-element_type=\"widget\" data-e-type=\"widget\" data-widget_type=\"heading.default\">\n\t\t\t\t<div class=\"elementor-widget-container\">\n\t\t\t\t\t<h2 class=\"elementor-heading-title elementor-size-default\">Notre Carte des Boissons<\/h2>\t\t\t\t<\/div>\n\t\t\t\t<\/div>\n\t\t\t\t<\/div>\n\t\t<div class=\"elementor-element elementor-element-03725ca e-flex e-con-boxed e-con e-parent\" data-id=\"03725ca\" data-element_type=\"container\" data-e-type=\"container\" data-settings=\"{&quot;background_background&quot;:&quot;classic&quot;}\">\n\t\t\t\t\t<div class=\"e-con-inner\">\n\t\t\t\t<div class=\"elementor-element elementor-element-19e8dbc elementor-widget elementor-widget-image\" data-id=\"19e8dbc\" data-element_type=\"widget\" data-e-type=\"widget\" data-widget_type=\"image.default\">\n\t\t\t\t<div class=\"elementor-widget-container\">\n\t\t\t\t\t\t\t\t\t\t\t\t\t\t\t<img fetchpriority=\"high\" decoding=\"async\" width=\"768\" height=\"1086\" src=\"https:\/\/halle-bo-marche.com\/wp-content\/uploads\/2025\/03\/1-1-768x1086.png\" class=\"attachment-medium_large size-medium_large wp-image-1860\" alt=\"\" srcset=\"https:\/\/halle-bo-marche.com\/wp-content\/uploads\/2025\/03\/1-1-768x1086.png 768w, https:\/\/halle-bo-marche.com\/wp-content\/uploads\/2025\/03\/1-1-212x300.png 212w, https:\/\/halle-bo-marche.com\/wp-content\/uploads\/2025\/03\/1-1-724x1024.png 724w, https:\/\/halle-bo-marche.com\/wp-content\/uploads\/2025\/03\/1-1-1086x1536.png 1086w, https:\/\/halle-bo-marche.com\/wp-content\/uploads\/2025\/03\/1-1.png 1414w\" sizes=\"(max-width: 768px) 100vw, 768px\" \/>\t\t\t\t\t\t\t\t\t\t\t\t\t\t\t<\/div>\n\t\t\t\t<\/div>\n\t\t\t\t\t<\/div>\n\t\t\t\t<\/div>\n\t\t<div class=\"elementor-element elementor-element-6f0ee2d e-flex e-con-boxed e-con e-parent\" data-id=\"6f0ee2d\" data-element_type=\"container\" data-e-type=\"container\">\n\t\t\t\t\t<div class=\"e-con-inner\">\n\t\t\t\t<div class=\"elementor-element elementor-element-44703c2 elementor-widget elementor-widget-image\" data-id=\"44703c2\" data-element_type=\"widget\" data-e-type=\"widget\" data-widget_type=\"image.default\">\n\t\t\t\t<div class=\"elementor-widget-container\">\n\t\t\t\t\t\t\t\t\t\t\t\t\t\t\t<img decoding=\"async\" width=\"768\" height=\"1086\" src=\"https:\/\/halle-bo-marche.com\/wp-content\/uploads\/2025\/03\/2-1-768x1086.png\" class=\"attachment-medium_large size-medium_large wp-image-1861\" alt=\"\" srcset=\"https:\/\/halle-bo-marche.com\/wp-content\/uploads\/2025\/03\/2-1-768x1086.png 768w, https:\/\/halle-bo-marche.com\/wp-content\/uploads\/2025\/03\/2-1-212x300.png 212w, https:\/\/halle-bo-marche.com\/wp-content\/uploads\/2025\/03\/2-1-724x1024.png 724w, https:\/\/halle-bo-marche.com\/wp-content\/uploads\/2025\/03\/2-1-1086x1536.png 1086w, https:\/\/halle-bo-marche.com\/wp-content\/uploads\/2025\/03\/2-1.png 1414w\" sizes=\"(max-width: 768px) 100vw, 768px\" \/>\t\t\t\t\t\t\t\t\t\t\t\t\t\t\t<\/div>\n\t\t\t\t<\/div>\n\t\t\t\t\t<\/div>\n\t\t\t\t<\/div>\n\t\t<div class=\"elementor-element elementor-element-e407bab e-flex e-con-boxed e-con e-parent\" data-id=\"e407bab\" data-element_type=\"container\" data-e-type=\"container\">\n\t\t\t\t\t<div class=\"e-con-inner\">\n\t\t\t\t<div class=\"elementor-element elementor-element-4b7274c elementor-widget elementor-widget-image\" data-id=\"4b7274c\" data-element_type=\"widget\" data-e-type=\"widget\" data-widget_type=\"image.default\">\n\t\t\t\t<div class=\"elementor-widget-container\">\n\t\t\t\t\t\t\t\t\t\t\t\t\t\t\t<img decoding=\"async\" width=\"768\" height=\"1086\" src=\"https:\/\/halle-bo-marche.com\/wp-content\/uploads\/2025\/03\/3-1-768x1086.png\" class=\"attachment-medium_large size-medium_large wp-image-1862\" alt=\"\" srcset=\"https:\/\/halle-bo-marche.com\/wp-content\/uploads\/2025\/03\/3-1-768x1086.png 768w, https:\/\/halle-bo-marche.com\/wp-content\/uploads\/2025\/03\/3-1-212x300.png 212w, https:\/\/halle-bo-marche.com\/wp-content\/uploads\/2025\/03\/3-1-724x1024.png 724w, https:\/\/halle-bo-marche.com\/wp-content\/uploads\/2025\/03\/3-1-1086x1536.png 1086w, https:\/\/halle-bo-marche.com\/wp-content\/uploads\/2025\/03\/3-1.png 1414w\" sizes=\"(max-width: 768px) 100vw, 768px\" \/>\t\t\t\t\t\t\t\t\t\t\t\t\t\t\t<\/div>\n\t\t\t\t<\/div>\n\t\t\t\t\t<\/div>\n\t\t\t\t<\/div>\n\t\t<div class=\"elementor-element elementor-element-5085e04 e-flex e-con-boxed e-con e-parent\" data-id=\"5085e04\" data-element_type=\"container\" data-e-type=\"container\">\n\t\t\t\t\t<div class=\"e-con-inner\">\n\t\t\t\t<div class=\"elementor-element elementor-element-7696c37 elementor-widget elementor-widget-image\" data-id=\"7696c37\" data-element_type=\"widget\" data-e-type=\"widget\" data-widget_type=\"image.default\">\n\t\t\t\t<div class=\"elementor-widget-container\">\n\t\t\t\t\t\t\t\t\t\t\t\t\t\t\t<img loading=\"lazy\" decoding=\"async\" width=\"768\" height=\"1086\" src=\"https:\/\/halle-bo-marche.com\/wp-content\/uploads\/2025\/03\/4-1-768x1086.png\" class=\"attachment-medium_large size-medium_large wp-image-1863\" alt=\"\" srcset=\"https:\/\/halle-bo-marche.com\/wp-content\/uploads\/2025\/03\/4-1-768x1086.png 768w, https:\/\/halle-bo-marche.com\/wp-content\/uploads\/2025\/03\/4-1-212x300.png 212w, https:\/\/halle-bo-marche.com\/wp-content\/uploads\/2025\/03\/4-1-724x1024.png 724w, https:\/\/halle-bo-marche.com\/wp-content\/uploads\/2025\/03\/4-1-1086x1536.png 1086w, https:\/\/halle-bo-marche.com\/wp-content\/uploads\/2025\/03\/4-1.png 1414w\" sizes=\"(max-width: 768px) 100vw, 768px\" \/>\t\t\t\t\t\t\t\t\t\t\t\t\t\t\t<\/div>\n\t\t\t\t<\/div>\n\t\t\t\t\t<\/div>\n\t\t\t\t<\/div>\n\t\t<div class=\"elementor-element elementor-element-b1ed9d8 e-flex e-con-boxed e-con e-parent\" data-id=\"b1ed9d8\" data-element_type=\"container\" data-e-type=\"container\" data-settings=\"{&quot;background_background&quot;:&quot;classic&quot;}\">\n\t\t\t\t\t<div class=\"e-con-inner\">\n\t\t\t\t<div class=\"elementor-element elementor-element-ed9278d elementor-widget elementor-widget-image\" data-id=\"ed9278d\" data-element_type=\"widget\" data-e-type=\"widget\" data-widget_type=\"image.default\">\n\t\t\t\t<div class=\"elementor-widget-container\">\n\t\t\t\t\t\t\t\t\t\t\t\t\t\t\t<img loading=\"lazy\" decoding=\"async\" width=\"768\" height=\"1086\" src=\"https:\/\/halle-bo-marche.com\/wp-content\/uploads\/2025\/03\/5-1-768x1086.png\" class=\"attachment-medium_large size-medium_large wp-image-1864\" alt=\"\" srcset=\"https:\/\/halle-bo-marche.com\/wp-content\/uploads\/2025\/03\/5-1-768x1086.png 768w, https:\/\/halle-bo-marche.com\/wp-content\/uploads\/2025\/03\/5-1-212x300.png 212w, https:\/\/halle-bo-marche.com\/wp-content\/uploads\/2025\/03\/5-1-724x1024.png 724w, https:\/\/halle-bo-marche.com\/wp-content\/uploads\/2025\/03\/5-1-1086x1536.png 1086w, https:\/\/halle-bo-marche.com\/wp-content\/uploads\/2025\/03\/5-1.png 1414w\" sizes=\"(max-width: 768px) 100vw, 768px\" \/>\t\t\t\t\t\t\t\t\t\t\t\t\t\t\t<\/div>\n\t\t\t\t<\/div>\n\t\t\t\t\t<\/div>\n\t\t\t\t<\/div>\n\t\t\t\t<\/div>\n\t\t","protected":false},"excerpt":{"rendered":"<p>Nos Ev\u00e8nements Notre Carte des Boissons<\/p>\n","protected":false},"author":1,"featured_media":0,"parent":0,"menu_order":0,"comment_status":"closed","ping_status":"closed","template":"","meta":{"_uag_custom_page_level_css":"","site-sidebar-layout":"no-sidebar","site-content-layout":"page-builder","ast-site-content-layout":"full-width-container","site-content-style":"default","site-sidebar-style":"default","ast-global-header-display":"","ast-banner-title-visibility":"","ast-main-header-display":"","ast-hfb-above-header-display":"","ast-hfb-below-header-display":"","ast-hfb-mobile-header-display":"","site-post-title":"","ast-breadcrumbs-content":"","ast-featured-img":"disabled","footer-sml-layout":"","ast-disable-related-posts":"","theme-transparent-header-meta":"","adv-header-id-meta":"","stick-header-meta":"","header-above-stick-meta":"","header-main-stick-meta":"","header-below-stick-meta":"","astra-migrate-meta-layouts":"set","ast-page-background-enabled":"default","ast-page-background-meta":{"desktop":{"background-color":"","background-image":"","background-repeat":"repeat","background-position":"center center","background-size":"auto","background-attachment":"scroll","background-type":"","background-media":"","overlay-type":"","overlay-color":"","overlay-opacity":"","overlay-gradient":""},"tablet":{"background-color":"","background-image":"","background-repeat":"repeat","background-position":"center center","background-size":"auto","background-attachment":"scroll","background-type":"","background-media":"","overlay-type":"","overlay-color":"","overlay-opacity":"","overlay-gradient":""},"mobile":{"background-color":"","background-image":"","background-repeat":"repeat","background-position":"center center","background-size":"auto","background-attachment":"scroll","background-type":"","background-media":"","overlay-type":"","overlay-color":"","overlay-opacity":"","overlay-gradient":""}},"ast-content-background-meta":{"desktop":{"background-color":"var(--ast-global-color-5)","background-image":"","background-repeat":"repeat","background-position":"center center","background-size":"auto","background-attachment":"scroll","background-type":"","background-media":"","overlay-type":"","overlay-color":"","overlay-opacity":"","overlay-gradient":""},"tablet":{"background-color":"var(--ast-global-color-5)","background-image":"","background-repeat":"repeat","background-position":"center center","background-size":"auto","background-attachment":"scroll","background-type":"","background-media":"","overlay-type":"","overlay-color":"","overlay-opacity":"","overlay-gradient":""},"mobile":{"background-color":"var(--ast-global-color-5)","background-image":"","background-repeat":"repeat","background-position":"center center","background-size":"auto","background-attachment":"scroll","background-type":"","background-media":"","overlay-type":"","overlay-color":"","overlay-opacity":"","overlay-gradient":""}},"footnotes":""},"class_list":["post-1857","page","type-page","status-publish","hentry"],"yoast_head":"<!-- This site is optimized with the Yoast SEO plugin v27.5 - https:\/\/yoast.com\/product\/yoast-seo-wordpress\/ -->\n<title>Carte boisson - Les Halles B\u00f4-March\u00e9<\/title>\n<meta name=\"robots\" content=\"index, follow, max-snippet:-1, max-image-preview:large, max-video-preview:-1\" \/>\n<link rel=\"canonical\" href=\"https:\/\/halle-bo-marche.com\/index.php\/carte-boisson\/\" \/>\n<meta property=\"og:locale\" content=\"fr_FR\" \/>\n<meta property=\"og:type\" content=\"article\" \/>\n<meta property=\"og:title\" content=\"Carte boisson - Les Halles B\u00f4-March\u00e9\" \/>\n<meta property=\"og:description\" content=\"Nos Ev\u00e8nements Notre Carte des Boissons\" \/>\n<meta property=\"og:url\" content=\"https:\/\/halle-bo-marche.com\/index.php\/carte-boisson\/\" \/>\n<meta property=\"og:site_name\" content=\"Les Halles B\u00f4-March\u00e9\" \/>\n<meta property=\"article:modified_time\" content=\"2025-09-20T14:32:23+00:00\" \/>\n<meta property=\"og:image\" content=\"https:\/\/halle-bo-marche.com\/wp-content\/uploads\/2025\/09\/Prochaine-33.png\" \/>\n<meta name=\"twitter:card\" content=\"summary_large_image\" \/>\n<meta name=\"twitter:label1\" content=\"Dur\u00e9e de lecture estim\u00e9e\" \/>\n\t<meta name=\"twitter:data1\" content=\"3 minutes\" \/>\n<script type=\"application\/ld+json\" class=\"yoast-schema-graph\">{\"@context\":\"https:\\\/\\\/schema.org\",\"@graph\":[{\"@type\":\"WebPage\",\"@id\":\"https:\\\/\\\/halle-bo-marche.com\\\/index.php\\\/carte-boisson\\\/\",\"url\":\"https:\\\/\\\/halle-bo-marche.com\\\/index.php\\\/carte-boisson\\\/\",\"name\":\"Carte boisson - Les Halles B\u00f4-March\u00e9\",\"isPartOf\":{\"@id\":\"https:\\\/\\\/halle-bo-marche.com\\\/#website\"},\"primaryImageOfPage\":{\"@id\":\"https:\\\/\\\/halle-bo-marche.com\\\/index.php\\\/carte-boisson\\\/#primaryimage\"},\"image\":{\"@id\":\"https:\\\/\\\/halle-bo-marche.com\\\/index.php\\\/carte-boisson\\\/#primaryimage\"},\"thumbnailUrl\":\"https:\\\/\\\/halle-bo-marche.com\\\/wp-content\\\/uploads\\\/2025\\\/09\\\/Prochaine-33.png\",\"datePublished\":\"2025-03-27T19:18:59+00:00\",\"dateModified\":\"2025-09-20T14:32:23+00:00\",\"breadcrumb\":{\"@id\":\"https:\\\/\\\/halle-bo-marche.com\\\/index.php\\\/carte-boisson\\\/#breadcrumb\"},\"inLanguage\":\"fr-FR\",\"potentialAction\":[{\"@type\":\"ReadAction\",\"target\":[\"https:\\\/\\\/halle-bo-marche.com\\\/index.php\\\/carte-boisson\\\/\"]}]},{\"@type\":\"ImageObject\",\"inLanguage\":\"fr-FR\",\"@id\":\"https:\\\/\\\/halle-bo-marche.com\\\/index.php\\\/carte-boisson\\\/#primaryimage\",\"url\":\"https:\\\/\\\/halle-bo-marche.com\\\/wp-content\\\/uploads\\\/2025\\\/09\\\/Prochaine-33.png\",\"contentUrl\":\"https:\\\/\\\/halle-bo-marche.com\\\/wp-content\\\/uploads\\\/2025\\\/09\\\/Prochaine-33.png\",\"width\":1080,\"height\":1080},{\"@type\":\"BreadcrumbList\",\"@id\":\"https:\\\/\\\/halle-bo-marche.com\\\/index.php\\\/carte-boisson\\\/#breadcrumb\",\"itemListElement\":[{\"@type\":\"ListItem\",\"position\":1,\"name\":\"Accueil\",\"item\":\"https:\\\/\\\/halle-bo-marche.com\\\/\"},{\"@type\":\"ListItem\",\"position\":2,\"name\":\"Carte boisson\"}]},{\"@type\":\"WebSite\",\"@id\":\"https:\\\/\\\/halle-bo-marche.com\\\/#website\",\"url\":\"https:\\\/\\\/halle-bo-marche.com\\\/\",\"name\":\"Les Halles B\u00f4-March\u00e9\",\"description\":\"Un espace convivial\",\"publisher\":{\"@id\":\"https:\\\/\\\/halle-bo-marche.com\\\/#organization\"},\"potentialAction\":[{\"@type\":\"SearchAction\",\"target\":{\"@type\":\"EntryPoint\",\"urlTemplate\":\"https:\\\/\\\/halle-bo-marche.com\\\/?s={search_term_string}\"},\"query-input\":{\"@type\":\"PropertyValueSpecification\",\"valueRequired\":true,\"valueName\":\"search_term_string\"}}],\"inLanguage\":\"fr-FR\"},{\"@type\":\"Organization\",\"@id\":\"https:\\\/\\\/halle-bo-marche.com\\\/#organization\",\"name\":\"Les Halles B\u00f4-March\u00e9\",\"url\":\"https:\\\/\\\/halle-bo-marche.com\\\/\",\"logo\":{\"@type\":\"ImageObject\",\"inLanguage\":\"fr-FR\",\"@id\":\"https:\\\/\\\/halle-bo-marche.com\\\/#\\\/schema\\\/logo\\\/image\\\/\",\"url\":\"https:\\\/\\\/halle-bo-marche.com\\\/wp-content\\\/uploads\\\/2025\\\/10\\\/cropped-cropped-Restaurant__5_-removebg-preview.png\",\"contentUrl\":\"https:\\\/\\\/halle-bo-marche.com\\\/wp-content\\\/uploads\\\/2025\\\/10\\\/cropped-cropped-Restaurant__5_-removebg-preview.png\",\"width\":318,\"height\":316,\"caption\":\"Les Halles B\u00f4-March\u00e9\"},\"image\":{\"@id\":\"https:\\\/\\\/halle-bo-marche.com\\\/#\\\/schema\\\/logo\\\/image\\\/\"}}]}<\/script>\n<!-- \/ Yoast SEO plugin. -->","yoast_head_json":{"title":"Carte boisson - Les Halles B\u00f4-March\u00e9","robots":{"index":"index","follow":"follow","max-snippet":"max-snippet:-1","max-image-preview":"max-image-preview:large","max-video-preview":"max-video-preview:-1"},"canonical":"https:\/\/halle-bo-marche.com\/index.php\/carte-boisson\/","og_locale":"fr_FR","og_type":"article","og_title":"Carte boisson - Les Halles B\u00f4-March\u00e9","og_description":"Nos Ev\u00e8nements Notre Carte des Boissons","og_url":"https:\/\/halle-bo-marche.com\/index.php\/carte-boisson\/","og_site_name":"Les Halles B\u00f4-March\u00e9","article_modified_time":"2025-09-20T14:32:23+00:00","og_image":[{"url":"https:\/\/halle-bo-marche.com\/wp-content\/uploads\/2025\/09\/Prochaine-33.png","type":"","width":"","height":""}],"twitter_card":"summary_large_image","twitter_misc":{"Dur\u00e9e de lecture estim\u00e9e":"3 minutes"},"schema":{"@context":"https:\/\/schema.org","@graph":[{"@type":"WebPage","@id":"https:\/\/halle-bo-marche.com\/index.php\/carte-boisson\/","url":"https:\/\/halle-bo-marche.com\/index.php\/carte-boisson\/","name":"Carte boisson - Les Halles B\u00f4-March\u00e9","isPartOf":{"@id":"https:\/\/halle-bo-marche.com\/#website"},"primaryImageOfPage":{"@id":"https:\/\/halle-bo-marche.com\/index.php\/carte-boisson\/#primaryimage"},"image":{"@id":"https:\/\/halle-bo-marche.com\/index.php\/carte-boisson\/#primaryimage"},"thumbnailUrl":"https:\/\/halle-bo-marche.com\/wp-content\/uploads\/2025\/09\/Prochaine-33.png","datePublished":"2025-03-27T19:18:59+00:00","dateModified":"2025-09-20T14:32:23+00:00","breadcrumb":{"@id":"https:\/\/halle-bo-marche.com\/index.php\/carte-boisson\/#breadcrumb"},"inLanguage":"fr-FR","potentialAction":[{"@type":"ReadAction","target":["https:\/\/halle-bo-marche.com\/index.php\/carte-boisson\/"]}]},{"@type":"ImageObject","inLanguage":"fr-FR","@id":"https:\/\/halle-bo-marche.com\/index.php\/carte-boisson\/#primaryimage","url":"https:\/\/halle-bo-marche.com\/wp-content\/uploads\/2025\/09\/Prochaine-33.png","contentUrl":"https:\/\/halle-bo-marche.com\/wp-content\/uploads\/2025\/09\/Prochaine-33.png","width":1080,"height":1080},{"@type":"BreadcrumbList","@id":"https:\/\/halle-bo-marche.com\/index.php\/carte-boisson\/#breadcrumb","itemListElement":[{"@type":"ListItem","position":1,"name":"Accueil","item":"https:\/\/halle-bo-marche.com\/"},{"@type":"ListItem","position":2,"name":"Carte boisson"}]},{"@type":"WebSite","@id":"https:\/\/halle-bo-marche.com\/#website","url":"https:\/\/halle-bo-marche.com\/","name":"Les Halles B\u00f4-March\u00e9","description":"Un espace convivial","publisher":{"@id":"https:\/\/halle-bo-marche.com\/#organization"},"potentialAction":[{"@type":"SearchAction","target":{"@type":"EntryPoint","urlTemplate":"https:\/\/halle-bo-marche.com\/?s={search_term_string}"},"query-input":{"@type":"PropertyValueSpecification","valueRequired":true,"valueName":"search_term_string"}}],"inLanguage":"fr-FR"},{"@type":"Organization","@id":"https:\/\/halle-bo-marche.com\/#organization","name":"Les Halles B\u00f4-March\u00e9","url":"https:\/\/halle-bo-marche.com\/","logo":{"@type":"ImageObject","inLanguage":"fr-FR","@id":"https:\/\/halle-bo-marche.com\/#\/schema\/logo\/image\/","url":"https:\/\/halle-bo-marche.com\/wp-content\/uploads\/2025\/10\/cropped-cropped-Restaurant__5_-removebg-preview.png","contentUrl":"https:\/\/halle-bo-marche.com\/wp-content\/uploads\/2025\/10\/cropped-cropped-Restaurant__5_-removebg-preview.png","width":318,"height":316,"caption":"Les Halles B\u00f4-March\u00e9"},"image":{"@id":"https:\/\/halle-bo-marche.com\/#\/schema\/logo\/image\/"}}]}},"uagb_featured_image_src":{"full":false,"thumbnail":false,"medium":false,"medium_large":false,"large":false,"1536x1536":false,"2048x2048":false},"uagb_author_info":{"display_name":"wangalexjia","author_link":"https:\/\/halle-bo-marche.com\/index.php\/author\/wangalexjia\/"},"uagb_comment_info":0,"uagb_excerpt":"Nos Ev\u00e8nements Notre Carte des Boissons","_links":{"self":[{"href":"https:\/\/halle-bo-marche.com\/index.php\/wp-json\/wp\/v2\/pages\/1857","targetHints":{"allow":["GET"]}}],"collection":[{"href":"https:\/\/halle-bo-marche.com\/index.php\/wp-json\/wp\/v2\/pages"}],"about":[{"href":"https:\/\/halle-bo-marche.com\/index.php\/wp-json\/wp\/v2\/types\/page"}],"author":[{"embeddable":true,"href":"https:\/\/halle-bo-marche.com\/index.php\/wp-json\/wp\/v2\/users\/1"}],"replies":[{"embeddable":true,"href":"https:\/\/halle-bo-marche.com\/index.php\/wp-json\/wp\/v2\/comments?post=1857"}],"version-history":[{"count":57,"href":"https:\/\/halle-bo-marche.com\/index.php\/wp-json\/wp\/v2\/pages\/1857\/revisions"}],"predecessor-version":[{"id":2275,"href":"https:\/\/halle-bo-marche.com\/index.php\/wp-json\/wp\/v2\/pages\/1857\/revisions\/2275"}],"wp:attachment":[{"href":"https:\/\/halle-bo-marche.com\/index.php\/wp-json\/wp\/v2\/media?parent=1857"}],"curies":[{"name":"wp","href":"https:\/\/api.w.org\/{rel}","templated":true}]}}